{"id":30,"date":"2022-03-15T23:42:10","date_gmt":"2022-03-15T22:42:10","guid":{"rendered":"https:\/\/www.kjpwiesbaden.de\/?page_id=30"},"modified":"2023-09-24T14:20:29","modified_gmt":"2023-09-24T12:20:29","slug":"ablauf","status":"publish","type":"page","link":"https:\/\/www.kjpwiesbaden.de\/index.php\/ablauf\/","title":{"rendered":"Ablauf"},"content":{"rendered":"\n<p>Informieren Sie sich im Vorfeld bei Ihrer privaten Krankenversicherung und ggf. der Beihilfe \u00fcber Ihren Vertrag hinsichtlich der Frage nach Kosten\u00fcbernahme f\u00fcr Psychotherapie. (f\u00fcr weitere Infos siehe: Kosten)&nbsp;<\/p>\n\n\n\n<p>Kommen Sie zur Erstvorstellung bitte ohne das Kind. Das Erstgespr\u00e4ch findet ausschlie\u00dflich mit den Eltern statt.<\/p>\n\n\n\n<p>Sollten Eltern getrennt leben und sich das Sorgerecht teilen, ist es wichtig das Einverst\u00e4ndnis des anderen Elternteils einzuholen. Hierf\u00fcr kann ich Ihnen ein vorgefertigtes Formular anbieten. Es reicht auch eine formlose schriftliche Erkl\u00e4rung, dass der nicht anwesende Elternteil mit der Vorstellung des Kindes in meiner Praxis einverstanden ist.&nbsp;<\/p>\n\n\n\n<p>In einem Erstgespr\u00e4ch m\u00f6chte ich Ihnen die M\u00f6glichkeit geben mich kennenzulernen und den Anlass der Vorstellung darzustellen. Vorausgesetzt Sie f\u00fchlen sich mit mir und meiner Arbeitsweise gut aufgehoben, folgen Probesitzungen (Probatorik), die dazu dienen Diagnostik durchzuf\u00fchren, den Vorstellungsanlass und seine Hintergr\u00fcnde vertiefter zu verstehen und gemeinsam Therapieziele zu formulieren. Gro\u00dfes Augenmerk liegt in den Probesitzungen auf der Passung, d.h. wie sich Kind\/Jugendlicher mit mir als Therapeutin versteht und umgekehrt. Ein guter Indikator f\u00fcr eine gute Passung k\u00f6nnte sein, dass man sich wohl genug f\u00fchlt, um offen und ehrlich \u00fcber sich und schwierige Themen sprechen zu k\u00f6nnen. Auf Seiten der Eltern lege ich insbesondere in Hinblick auf ein gutes Gelingen der Psychotherapie gro\u00dfen Wert auf Offenheit und Transparenz. &nbsp;&nbsp;<\/p>\n\n\n\n<p>Abschlie\u00dfend wird nach gemeinsamer Absprache die Kosten\u00fcbernahme der Psychotherapie bei Ihrem Versicherungstr\u00e4ger beantragt. Nach Erhalt der schriftlichen Bewilligung k\u00f6nnen w\u00f6chentlich Termine stattfinden.<\/p>\n\n\n\n<p><em><u>Exkurs zu rechtlichen Bestimmungen<\/u><\/em>:&nbsp;<\/p>\n\n\n\n<p>Als approbierte Kinder- und Jugendlichenpsychotherapeutin unterliege ich der Schweigepflicht (bspw. Lehrern, \u00c4rzten, Eltern etc. gegen\u00fcber). Das bedeutet, dass ich ohne eine schriftliche Erkl\u00e4rung (Schweigepflichtentbindung) keine Informationen von Patienten\/-innen weitergeben darf. Sollte eine Informationsweitergabe sinnvoll f\u00fcr den Verlauf der Behandlung sein, so wird das vorab mit den Jugendlichen\/ Eltern besprochen und miteinander abgestimmt. Eine Ausnahme stellt die akute Eigen- oder Fremdgef\u00e4hrdung dar (bspw. Suizidalit\u00e4t)! Bei einem Verdacht auf Suizidgef\u00e4hrdung bin ich in der Pflicht bei Minderj\u00e4hrigen die Sorgeberechtigten zu verst\u00e4ndigen und eine Aufnahme in der \u00f6rtlich zust\u00e4ndigen Kinder- und Jugendpsychiatrie einzuleiten. &nbsp;&nbsp;<\/p>\n\n\n\n<p>&nbsp;&nbsp;<\/p>\n","protected":false},"excerpt":{"rendered":"<p>Informieren Sie sich im Vorfeld bei Ihrer privaten Krankenversicherung und ggf. der Beihilfe \u00fcber Ihren Vertrag hinsichtlich der Frage nach Kosten\u00fcbernahme f\u00fcr Psychotherapie. (f\u00fcr weitere Infos siehe: Kosten)&nbsp; Kommen Sie zur Erstvorstellung bitte ohne das Kind. Das Erstgespr\u00e4ch findet ausschlie\u00dflich mit den Eltern statt. Sollten Eltern getrennt leben und sich das Sorgerecht teilen, ist es [&hellip;]<\/p>\n","protected":false},"author":1,"featured_media":137,"parent":0,"menu_order":2,"comment_status":"closed","ping_status":"closed","template":"","meta":{"footnotes":""},"class_list":["post-30","page","type-page","status-publish","has-post-thumbnail","hentry"],"_links":{"self":[{"href":"https:\/\/www.kjpwiesbaden.de\/index.php\/wp-json\/wp\/v2\/pages\/30","targetHints":{"allow":["GET"]}}],"collection":[{"href":"https:\/\/www.kjpwiesbaden.de\/index.php\/wp-json\/wp\/v2\/pages"}],"about":[{"href":"https:\/\/www.kjpwiesbaden.de\/index.php\/wp-json\/wp\/v2\/types\/page"}],"author":[{"embeddable":true,"href":"https:\/\/www.kjpwiesbaden.de\/index.php\/wp-json\/wp\/v2\/users\/1"}],"replies":[{"embeddable":true,"href":"https:\/\/www.kjpwiesbaden.de\/index.php\/wp-json\/wp\/v2\/comments?post=30"}],"version-history":[{"count":7,"href":"https:\/\/www.kjpwiesbaden.de\/index.php\/wp-json\/wp\/v2\/pages\/30\/revisions"}],"predecessor-version":[{"id":332,"href":"https:\/\/www.kjpwiesbaden.de\/index.php\/wp-json\/wp\/v2\/pages\/30\/revisions\/332"}],"wp:featuredmedia":[{"embeddable":true,"href":"https:\/\/www.kjpwiesbaden.de\/index.php\/wp-json\/wp\/v2\/media\/137"}],"wp:attachment":[{"href":"https:\/\/www.kjpwiesbaden.de\/index.php\/wp-json\/wp\/v2\/media?parent=30"}],"curies":[{"name":"wp","href":"https:\/\/api.w.org\/{rel}","templated":true}]}}

<p>Informieren Sie sich im Vorfeld bei Ihrer privaten Krankenversicherung und ggf. der Beihilfe über Ihren Vertrag hinsichtlich der Frage nach Kostenübernahme für Psychotherapie. (für weitere Infos siehe: Kosten)&nbsp;</p>



<p>Kommen Sie zur Erstvorstellung bitte ohne das Kind. Das Erstgespräch findet ausschließlich mit den Eltern statt.</p>



<p>Sollten Eltern getrennt leben und sich das Sorgerecht teilen, ist es wichtig das Einverständnis des anderen Elternteils einzuholen. Hierfür kann ich Ihnen ein vorgefertigtes Formular anbieten. Es reicht auch eine formlose schriftliche Erklärung, dass der nicht anwesende Elternteil mit der Vorstellung des Kindes in meiner Praxis einverstanden ist.&nbsp;</p>



<p>In einem Erstgespräch möchte ich Ihnen die Möglichkeit geben mich kennenzulernen und den Anlass der Vorstellung darzustellen. Vorausgesetzt Sie fühlen sich mit mir und meiner Arbeitsweise gut aufgehoben, folgen Probesitzungen (Probatorik), die dazu dienen Diagnostik durchzuführen, den Vorstellungsanlass und seine Hintergründe vertiefter zu verstehen und gemeinsam Therapieziele zu formulieren. Großes Augenmerk liegt in den Probesitzungen auf der Passung, d.h. wie sich Kind/Jugendlicher mit mir als Therapeutin versteht und umgekehrt. Ein guter Indikator für eine gute Passung könnte sein, dass man sich wohl genug fühlt, um offen und ehrlich über sich und schwierige Themen sprechen zu können. Auf Seiten der Eltern lege ich insbesondere in Hinblick auf ein gutes Gelingen der Psychotherapie großen Wert auf Offenheit und Transparenz. &nbsp;&nbsp;</p>



<p>Abschließend wird nach gemeinsamer Absprache die Kostenübernahme der Psychotherapie bei Ihrem Versicherungsträger beantragt. Nach Erhalt der schriftlichen Bewilligung können wöchentlich Termine stattfinden.</p>



<p><em><u>Exkurs zu rechtlichen Bestimmungen</u></em>:&nbsp;</p>



<p>Als approbierte Kinder- und Jugendlichenpsychotherapeutin unterliege ich der Schweigepflicht (bspw. Lehrern, Ärzten, Eltern etc. gegenüber). Das bedeutet, dass ich ohne eine schriftliche Erklärung (Schweigepflichtentbindung) keine Informationen von Patienten/-innen weitergeben darf. Sollte eine Informationsweitergabe sinnvoll für den Verlauf der Behandlung sein, so wird das vorab mit den Jugendlichen/ Eltern besprochen und miteinander abgestimmt. Eine Ausnahme stellt die akute Eigen- oder Fremdgefährdung dar (bspw. Suizidalität)! Bei einem Verdacht auf Suizidgefährdung bin ich in der Pflicht bei Minderjährigen die Sorgeberechtigten zu verständigen und eine Aufnahme in der örtlich zuständigen Kinder- und Jugendpsychiatrie einzuleiten. &nbsp;&nbsp;</p>



<p>&nbsp;&nbsp;</p>

<p>Informieren Sie sich im Vorfeld bei Ihrer privaten Krankenversicherung und ggf. der Beihilfe über Ihren Vertrag hinsichtlich der Frage nach Kostenübernahme für Psychotherapie. (für weitere Infos siehe: Kosten)&nbsp; Kommen Sie zur Erstvorstellung bitte ohne das Kind. Das Erstgespräch findet ausschließlich mit den Eltern statt. Sollten Eltern getrennt leben und sich das Sorgerecht teilen, ist es [&hellip;]</p>
